 11063342. Is z a prime number?
True
Let l be ((-50780)/(-140))/(2/14). Suppose l = 6*k - 5171. Is k prime?
False
Let r = 358331 - -19816. Is (-1)/((-216161)/r + (-4)/(-7)) composite?
True
Suppose -943 - 1305 = -4*y + 5*w, -4*w = 16. Let b = y + 29. Is b a prime number?
False
Let o(p) = 39*p + 278. Let x be o(-7). Suppose -31*n + 27*n = -5*m - 4206, x*m - 2088 = -2*n. Is n a prime number?
True
Is (-14)/119 - (-21749121)/153 prime?
True
Let z be 5/(-10) - (-174)/4. Let y = 47 - z. Suppose h + y*h + 10 = 0, -3*h - 164 = -2*t. Is t composite?
False
Suppose -15*q = -167964 - 219591. Let b = q + -17276. Is b composite?
True
Is 550803 - 5/2*(164/(-20) - -9) composite?
False
Is 11272532/87*(-2)/((-24)/9) a composite number?
False
Let b(j) = 812*j**3 - j**2 + j + 1. Let h be b(2). Suppose -5*r + h = -310. Is r prime?
True
Let r = 102 + 1279. Suppose s - d + 112 - 584 = 0, -r = -3*s - 4*d. Suppose 3*f = -w - f + s, -1 = -f. Is w prime?
True
Suppose -11*f - 1752 = 481. Let s = -150 - f. Is s a composite number?
False
Let h be ((-8014716)/(-32) - 4) + (-4)/(-32). Suppose -13*l + 21*l = h. Is l prime?
True
Let d(s) be the third derivative of -7/6*s**3 + 0 + 1/24*s**6 + 1/15*s**5 - 11/24*s**4 + 0*s + 7*s**2. Is d(6) composite?
False
Let l be 14/((-292)/296 + 1). Suppose -l = 2*v - 5094. Suppose y + d - 425 = -3*d, -5*y + 4*d = -v. Is y a prime number?
True
Let v(i) = 1411*i - 12. Suppose g - 25 = 3*o - 9, -4*g - 16 = 4*o. Is v(g) a prime number?
True
Let u(x) = 204933*x - 12775. Is u(4) a composite number?
True
Let d = 54 - 52. Suppose -347 = -4*i + f, -d*i + 114 = -3*f - 47. Suppose -i = -p + 7. Is p a prime number?
False
Is 13*(-98)/(-182) - (0 - 206742) a prime number?
True
Is ((-1)/2*-2)/(8/1385240) composite?
True
Let v = 53 - 34. Let c(u) = u**3 - 19*u**2 - u + 15. Let d be c(v). Is (2/d)/((-2)/764) a prime number?
True
Is -755457*((-355)/(-213) - 4/2) a prime number?
False
Suppose 61*y - 62*y - 3*h + 2512 = 0, -5*y + 3*h + 12542 = 0. Is y a composite number?
True
Let k = 73 + -53. Let f be ((-15952)/k)/(4/(-10)). Suppose 3*y - f = -2*m, 5*m = 6*m - 4. Is y prime?
False
Let j(h) = 1350*h**2 - 24*h - 217. Is j(-19) a composite number?
False
Let k be -1 + -3*(-4308)/9. Suppose 3*o + 4*q - 26 = 0, 0*o - 2*q = -2*o + 8. Is (k/15 + 1)/(4/o) a composite number?
True
Suppose 6*j - 58 = -64. Is (j - 4)*5335/(-25) composite?
True
Suppose -103*j + 7389729 = -2480452. Is j prime?
False
Suppose 0 = 3*v - i - i - 31, 0 = 5*i - 5. Let m = v - 9. Suppose -m*q + 1841 = 5*q. Is q prime?
True
Suppose -15*w - 3202 = 3*n - 19*w, 0 = 4*n + 2*w + 4262. Let q = n + 2064. Is q a prime number?
False
Suppose 4*v + 20 = -43*w + 44*w, 5*v = 2*w - 28. Suppose w*h + 0*k - 5*k = 19403, -4*h = -4*k - 19400. Is h composite?
True
Let j(s) = -3227*s**3 + 3*s**2 + 4*s + 1. Let a(n) = -n**3 - 10*n**2 + 2*n + 19. Let f be a(-10). Is j(f) composite?
True
Let h(o) = -o**2 + 14*o + 39. Suppose 0*j - j - 3*s + 25 = 0, 5*s + 49 = 4*j. Let a be h(j). Suppose -2*b = -4*k - 3030, -a = 5*k + 3. Is b a prime number?
True
Let x be (-12)/14*1*70/(-15). Suppose x*m = -5*m + 81. Suppose -m*r + 4*r = -1370. Is r a composite number?
True
Let r be (-56)/(7*1/322). Let d = r - -4213. Is d prime?
True
Let u = 39378 - -21458. Suppose m = -m - 5*r + 40563, -r = -3*m + u. Is m a composite number?
True
Suppose 35*d = 17601273 - 6521700 + 16117702. Is d prime?
False
Let k(h) = -357*h**3 + h**2 - 5*h - 22. Let z be k(-5). Let o = z - 29730. Is o a composite number?
False
Is (-21739051)/(-470) - (-9)/(-30) a prime number?
False
Suppose 97*y = 101*y - 44. Suppose 351 = 3*v + 3*d, y*d + 141 = v + 6*d. Is v composite?
True
Suppose 7 + 5 = -3*r, -6*i - 3*r = -136422. Is i composite?
False
Suppose l - 3191 = 2459. Suppose 2*a = -5*s + 721 + 4148, 5*s - 9713 = -4*a. Suppose l = 8*m - a. Is m composite?
False
Is (1932873*65/585)/(((-4)/(-6))/2) a prime number?
True
Suppose -42 = -5*d + 8. Suppose 3 = -d*u + 9*u. Is (u*1)/((-24)/7624) composite?
False
Let y(c) = -2*c**3 - 4*c**2 + 22*c + 19. Suppose 0 = -2*b - u - 2*u - 18, 4*u = 3*b + 27. Is y(b) prime?
False
Suppose -136*n + 53835994 = 150*n + 756396. Is n a composite number?
False
Let t(k) = 8*k + 3. Let x(u) = -7*u - 3. Let o(c) = 6*t(c) + 7*x(c). Let s be o(-6). Is (-26)/8 + s - 615/(-12) prime?
False
Suppose -3*s - 4*z + 52525 = 0, -855*s + 856*s - 5*z - 17559 = 0. Is s a composite number?
False
Suppose 3*t = b + 2*t - 9, -5*b - 3*t = -5. Let o(x) = x**2 + 19*x - 94. Let v be o(18). Suppose -5*y + h = -2*y - 431, b*y = 2*h + v. Is y composite?
True
Let b(x) = x**2 - 2*x - 10. Let n be (-16)/20*(-5)/(-1). Let q be b(n). Is 27*193 - (-12 + q) composite?
False
Let u = 2523576 + -1368607. Is u prime?
True
Let l(p) = 51*p**3 - 6*p**2 + 15*p + 4. Let n be l(8). Suppose 2*q - 21630 - n = 0. Is q a composite number?
False
Suppose 42 - 50 = -2*i. Is -2*(-701 + (4 - 10/i)) prime?
True
Suppose 10780 = y + 3*k, -4532 - 17039 = -2*y + 5*k. Is y composite?
True
Suppose -2*j - 5*k = 16, 60*j - 58*j + k = 0. Suppose -j*o - 4*q + 18198 = 0, -870 = -o + 2*q + 8249. Is o composite?
False
Let a = 127 - 119. Is 16504/(a + -16)*-1 prime?
True
Suppose -24 = -7*m - 3. Suppose -2*r - 3*c - 15346 = -7*r, -9198 = -m*r + 5*c. Is r a composite number?
True
Let s be -2 - 26/(-12) - (-53)/6. Let d = 23 - s. Suppose -d*j = -9*j - 410. Is j a prime number?
False
Suppose p + 0*p = -2. Let n be (p - -6) + -2 + 1 + 2620. Suppose 0 = -12*v + 917 + n. Is v prime?
False
Let v = -849 + 857. Suppose -x + 2*u = -2216, -3*x + u = 5*u - 6698. Suppose -2*r - x = -v*r. Is r composite?
True
Let b(q) = q**3 + 7*q**2 - 3*q + 64. Let t be b(-8). Suppose 17*g + 1414 = t*g. Is g prime?
False
Let z = -210806 + 540147. Is z composite?
True
Is ((-22)/(-55))/(4/(-5))*-295838 prime?
True
Let r be 4/(-26) + (-529344)/(-234). Let t = r + -1307. Suppose 2*q - 4*q + 3*c = -t, 0 = -4*c + 4. Is q composite?
False
Let j(s) = 1166110*s - 1. Let i be j(1). Suppose -i = -29*o + 8*o. Is o prime?
True
Let h = 30 - 28. Suppose -a = -3*l - 2954, a - 2954 = -0*a + h*l. Suppose 0 = -7*x - 0*x + a. Is x prime?
False
Let f = 7 + -5. Suppose 12 = f*q - 6. Suppose 3*u - q*u = -534. Is u prime?
True
Suppose 5*z = 20, -16*o - 316452 = -20*o - 2*z. Is o composite?
False
Suppose -u - 2*f - 3*f - 29 = 0, 5*u + 3*f = -35. Let d be u/(-18) + (-32)/(-18). Suppose 0 = -2*k + 4*a + 1 + 277, 5*k = d*a + 663. Is k prime?
True
Suppose -234024 = -3*s - a, 4*s - 222987 = -a + 89044. Is s composite?
False
Let s = -27317 + 47556. Is s a prime number?
False
Let u = 3394242 - 2014795. Is u prime?
True
Let m(k) = 185*k**2 + 13*k + 385. Is m(-33) a prime number?
False
Let t(z) = -24131*z + 3616. Is t(-9) composite?
True
Suppose 18*l = 174553 + 695801. Is l a composite number?
False
Let r(x) = -x**3 + 5*x**2 + x - 2. Let b be r(4). Suppose 0 = -b*u + 16*u + 8936. Suppose -8*f + u = -4*f. Is f prime?
True
Suppose -141*j + 145*j = -24. Is ((j - 13317)/(-3))/(-1 - -2) a composite number?
False
Suppose 2*a - 6 = 2*k + 16, 4*a - 5*k = 45. Suppose 3*c + 10801 = a*c. Is c composite?
False
Let a(c) = -c**3 - 8*c**2 - 8*c - 7. Let o be a(-7). Suppose -g + 5*t = 22, o = -4*g - 0*t - t + 17. Suppose g*q + 5*j = 3*j + 6337, -j + 2 = 0. Is q composite?
False
Suppose 2*t + 4 = -2*p - 0*p, 0 = t + 5*p + 18. Suppose -4*c - 3*r + 150976 = 0, -t*c + 54091 + 21391 = 3*r. Is c composite?
False
Let x = 172519 + -117392. Is x a prime number?
True
Suppose -83115578 = -79*v + 78541727. Is v a composite number?
True
Suppose 0 = -4*t, -23 + 3 = -5*b - 4*t. Suppose -7790 = b*w - 22834. Is w a prime number?
True
Suppose -243*l + 96*l + 13879299 = 0. Is l prime?
False
Let w(u) = 253*u - 8. Suppose 9*v = 12*v - 9. Is w(v) prime?
True
Let l(m) = -m**3 + 7*m**2 + 3*m + 15. Let h be l(9). Is h/40 - (-295 + 1) a prime number?
False
Let l(c) = c + 19 - 39 + 13. Let a be l(8). Is a*14*21475/50 prime?
False
Let b be 717685/(-75) + 2/15. Let x = 8970 - b. Is x prime?
True
Let k(g) be the third derivative of g**5/6 - 35*g**4/24 - 17*g**3/6 + 4*g**2 - 2*g. Is k(-24) a prime number?
False
Let d(g) = 3*g**2 - 17*g + 17. Let u = -44 + 41. Let a be (u + 75/12)*-4. Is d(a) composite?
True
Suppose -k + 9*i + 725062 = 14*i, -5*i = -4*k + 2900123. Is k a composite number?
True
Let i(b) = 2 - 2*b + 0 - 9*